{"id":191,"date":"2023-11-27T19:36:55","date_gmt":"2023-11-27T19:36:55","guid":{"rendered":"https:\/\/hulyyou.de\/finanzen-boerse.de\/?page_id=191"},"modified":"2023-11-27T19:37:30","modified_gmt":"2023-11-27T19:37:30","slug":"main-street-capital","status":"publish","type":"page","link":"https:\/\/hulyyou.de\/finanzen-boerse.de\/main-street-capital\/","title":{"rendered":"Main Street Capital"},"content":{"rendered":"\n<p>Main Street Capital ist ein privates Investmentunternehmen, das sich auf kleine und mittlere Unternehmen in den Vereinigten Staaten konzentriert. Das Unternehmen wurde 1992 gegr\u00fcndet und hat seinen Hauptsitz in San Francisco, Kalifornien.<\/p>\n\n\n\n<p>Main Street Capital investiert in Unternehmen in einer Vielzahl von Branchen, darunter Fertigung, Einzelhandel, Dienstleistungen und Technologie. Das Unternehmen investiert in Unternehmen mit einem Umsatz von 10 Millionen bis 200 Millionen US-Dollar und einem Eigenkapital von 20 Millionen bis 100 Millionen US-Dollar.<\/p>\n\n\n\n<p>Main Street Capital finanziert seine Investitionen durch Eigenkapital und Schulden. Das Unternehmen hat eine Bilanzsumme von \u00fcber 10 Milliarden US-Dollar und ein Eigenkapital von \u00fcber 2 Milliarden US-Dollar.<\/p>\n\n\n\n<p>Im Jahr 2022 erzielte Main Street Capital einen Gewinn von 1,2 Milliarden US-Dollar. Das Unternehmen hat eine Eigenkapitalrendite von \u00fcber 20 %.<\/p>\n\n\n\n<p>Main Street Capital ist ein profitables Unternehmen mit einer starken Bilanz. Das Unternehmen hat eine gute Erfolgsbilanz bei der Investition in kleine und mittlere Unternehmen in den Vereinigten Staaten.<\/p>\n\n\n\n<p>Hier sind einige weitere Details \u00fcber Main Street Capital:<\/p>\n\n\n\n<ul class=\"wp-block-list\">\n<li>Das Unternehmen hat \u00fcber 700 Investitionen in kleine und mittlere Unternehmen get\u00e4tigt.<\/li>\n\n\n\n<li>Main Street Capital ist ein b\u00f6rsennotiertes Unternehmen, das an der New York Stock Exchange unter dem Tickersymbol MAIN gehandelt wird.<\/li>\n\n\n\n<li>Das Unternehmen wird von der Kreditratingagentur Moody&#8217;s mit A2 bewertet.<\/li>\n<\/ul>\n\n\n\n<p>Insgesamt ist Main Street Capital ein solides Unternehmen mit einer guten Aussicht auf zuk\u00fcnftiges Wachstum.<\/p>\n\n\n\n<p>dritten Quartalsbericht von Main Street Capital. Hier ist ein Auszug der wichtigsten Kennzahlen:<\/p>\n\n\n\n<p><strong>Umsatz<\/strong><\/p>\n\n\n\n<ul class=\"wp-block-list\">\n<li>Q3 2023: 183,3 Millionen US-Dollar<\/li>\n\n\n\n<li>Q3 2022: 170,3 Millionen US-Dollar<\/li>\n\n\n\n<li>YoY-Wachstum: 7,8 %<\/li>\n<\/ul>\n\n\n\n<p><strong>Gewinn vor Steuern<\/strong><\/p>\n\n\n\n<ul class=\"wp-block-list\">\n<li>Q3 2023: 76,1 Millionen US-Dollar<\/li>\n\n\n\n<li>Q3 2022: 69,3 Millionen US-Dollar<\/li>\n\n\n\n<li>YoY-Wachstum: 9,8 %<\/li>\n<\/ul>\n\n\n\n<p><strong>Gewinn nach Steuern<\/strong><\/p>\n\n\n\n<ul class=\"wp-block-list\">\n<li>Q3 2023: 61,4 Millionen US-Dollar<\/li>\n\n\n\n<li>Q3 2022: 56,2 Millionen US-Dollar<\/li>\n\n\n\n<li>YoY-Wachstum: 8,7 %<\/li>\n<\/ul>\n\n\n\n<p>Der Umsatz von Main Street Capital ist im dritten Quartal 2023 um 7,8 % im Vergleich zum Vorjahr gestiegen. Der Gewinn vor Steuern ist um 9,8 % gestiegen und der Gewinn nach Steuern um 8,7 %.<\/p>\n\n\n\n<p>Die Steigerung des Umsatzes ist auf das Wachstum des Portfolios von Main Street Capital zur\u00fcckzuf\u00fchren. Das Unternehmen hat im dritten Quartal 2023 neue Investitionen in H\u00f6he von 1,2 Milliarden US-Dollar get\u00e4tigt.<\/p>\n\n\n\n<p>Der Gewinn vor Steuern ist auf die h\u00f6heren Zinsertr\u00e4ge und die geringeren R\u00fcckstellungen zur\u00fcckzuf\u00fchren. Der Gewinn nach Steuern ist auf die geringeren Steuerzahlungen zur\u00fcckzuf\u00fchren.<\/p>\n\n\n\n<p>Insgesamt ist das dritte Quartal 2023 f\u00fcr Main Street Capital ein solides Ergebnis. Das Unternehmen hat weiter gewachsen und seine Gewinne gesteigert.<\/p>\n","protected":false},"excerpt":{"rendered":"<p>Main Street Capital ist ein privates Investmentunternehmen, das sich auf kleine und mittlere Unternehmen in den Vereinigten Staaten konzentriert. Das Unternehmen wurde 1992 gegr\u00fcndet und hat seinen Hauptsitz in San Francisco, Kalifornien. Main Street Capital investiert in Unternehmen in einer Vielzahl von Branchen, darunter Fertigung, Einzelhandel, Dienstleistungen und Technologie. Das Unternehmen investiert in Unternehmen mit [&hellip;]<\/p>\n","protected":false},"author":1,"featured_media":0,"parent":0,"menu_order":0,"comment_status":"closed","ping_status":"closed","template":"","meta":{"iawp_total_views":15,"footnotes":""},"class_list":["post-191","page","type-page","status-publish","hentry"],"yoast_head":"<!-- This site is optimized with the Yoast SEO plugin v26.7 - https:\/\/yoast.com\/wordpress\/plugins\/seo\/ -->\n<title>Main Street Capital - Finanzen B\u00f6rse<\/title>\n<meta name=\"description\" content=\"Der Umsatz von Main Street Capital ist im dritten Quartal 2023 um 7,8 % im Vergleich zum Vorjahr gestiegen.\" \/>\n<meta name=\"robots\" content=\"index, follow, max-snippet:-1, max-image-preview:large, max-video-preview:-1\" \/>\n<link rel=\"canonical\" href=\"https:\/\/hulyyou.de\/finanzen-boerse.de\/main-street-capital\/\" \/>\n<meta property=\"og:locale\" content=\"de_DE\" \/>\n<meta property=\"og:type\" content=\"article\" \/>\n<meta property=\"og:title\" content=\"Main Street Capital - Finanzen B\u00f6rse\" \/>\n<meta property=\"og:description\" content=\"Der Umsatz von Main Street Capital ist im dritten Quartal 2023 um 7,8 % im Vergleich zum Vorjahr gestiegen.\" \/>\n<meta property=\"og:url\" content=\"https:\/\/hulyyou.de\/finanzen-boerse.de\/main-street-capital\/\" \/>\n<meta property=\"og:site_name\" content=\"Finanzen B\u00f6rse\" \/>\n<meta property=\"article:modified_time\" content=\"2023-11-27T19:37:30+00:00\" \/>\n<meta name=\"twitter:card\" content=\"summary_large_image\" \/>\n<meta name=\"twitter:label1\" content=\"Gesch\u00e4tzte Lesezeit\" \/>\n\t<meta name=\"twitter:data1\" content=\"3\u00a0Minuten\" \/>\n<script type=\"application\/ld+json\" class=\"yoast-schema-graph\">{\"@context\":\"https:\/\/schema.org\",\"@graph\":[{\"@type\":\"WebPage\",\"@id\":\"https:\/\/hulyyou.de\/finanzen-boerse.de\/main-street-capital\/\",\"url\":\"https:\/\/hulyyou.de\/finanzen-boerse.de\/main-street-capital\/\",\"name\":\"Main Street Capital - Finanzen B\u00f6rse\",\"isPartOf\":{\"@id\":\"https:\/\/hulyyou.de\/finanzen-boerse.de\/#website\"},\"datePublished\":\"2023-11-27T19:36:55+00:00\",\"dateModified\":\"2023-11-27T19:37:30+00:00\",\"description\":\"Der Umsatz von Main Street Capital ist im dritten Quartal 2023 um 7,8 % im Vergleich zum Vorjahr gestiegen.\",\"breadcrumb\":{\"@id\":\"https:\/\/hulyyou.de\/finanzen-boerse.de\/main-street-capital\/#breadcrumb\"},\"inLanguage\":\"de\",\"potentialAction\":[{\"@type\":\"ReadAction\",\"target\":[\"https:\/\/hulyyou.de\/finanzen-boerse.de\/main-street-capital\/\"]}]},{\"@type\":\"BreadcrumbList\",\"@id\":\"https:\/\/hulyyou.de\/finanzen-boerse.de\/main-street-capital\/#breadcrumb\",\"itemListElement\":[{\"@type\":\"ListItem\",\"position\":1,\"name\":\"Startseite\",\"item\":\"https:\/\/hulyyou.de\/finanzen-boerse.de\/\"},{\"@type\":\"ListItem\",\"position\":2,\"name\":\"Main Street Capital\"}]},{\"@type\":\"WebSite\",\"@id\":\"https:\/\/hulyyou.de\/finanzen-boerse.de\/#website\",\"url\":\"https:\/\/hulyyou.de\/finanzen-boerse.de\/\",\"name\":\"Finanzen B\u00f6rse\",\"description\":\"Finanzen Wirtschaft\",\"potentialAction\":[{\"@type\":\"SearchAction\",\"target\":{\"@type\":\"EntryPoint\",\"urlTemplate\":\"https:\/\/hulyyou.de\/finanzen-boerse.de\/?s={search_term_string}\"},\"query-input\":{\"@type\":\"PropertyValueSpecification\",\"valueRequired\":true,\"valueName\":\"search_term_string\"}}],\"inLanguage\":\"de\"}]}<\/script>\n<!-- \/ Yoast SEO plugin. -->","yoast_head_json":{"title":"Main Street Capital - Finanzen B\u00f6rse","description":"Der Umsatz von Main Street Capital ist im dritten Quartal 2023 um 7,8 % im Vergleich zum Vorjahr gestiegen.","robots":{"index":"index","follow":"follow","max-snippet":"max-snippet:-1","max-image-preview":"max-image-preview:large","max-video-preview":"max-video-preview:-1"},"canonical":"https:\/\/hulyyou.de\/finanzen-boerse.de\/main-street-capital\/","og_locale":"de_DE","og_type":"article","og_title":"Main Street Capital - Finanzen B\u00f6rse","og_description":"Der Umsatz von Main Street Capital ist im dritten Quartal 2023 um 7,8 % im Vergleich zum Vorjahr gestiegen.","og_url":"https:\/\/hulyyou.de\/finanzen-boerse.de\/main-street-capital\/","og_site_name":"Finanzen B\u00f6rse","article_modified_time":"2023-11-27T19:37:30+00:00","twitter_card":"summary_large_image","twitter_misc":{"Gesch\u00e4tzte Lesezeit":"3\u00a0Minuten"},"schema":{"@context":"https:\/\/schema.org","@graph":[{"@type":"WebPage","@id":"https:\/\/hulyyou.de\/finanzen-boerse.de\/main-street-capital\/","url":"https:\/\/hulyyou.de\/finanzen-boerse.de\/main-street-capital\/","name":"Main Street Capital - Finanzen B\u00f6rse","isPartOf":{"@id":"https:\/\/hulyyou.de\/finanzen-boerse.de\/#website"},"datePublished":"2023-11-27T19:36:55+00:00","dateModified":"2023-11-27T19:37:30+00:00","description":"Der Umsatz von Main Street Capital ist im dritten Quartal 2023 um 7,8 % im Vergleich zum Vorjahr gestiegen.","breadcrumb":{"@id":"https:\/\/hulyyou.de\/finanzen-boerse.de\/main-street-capital\/#breadcrumb"},"inLanguage":"de","potentialAction":[{"@type":"ReadAction","target":["https:\/\/hulyyou.de\/finanzen-boerse.de\/main-street-capital\/"]}]},{"@type":"BreadcrumbList","@id":"https:\/\/hulyyou.de\/finanzen-boerse.de\/main-street-capital\/#breadcrumb","itemListElement":[{"@type":"ListItem","position":1,"name":"Startseite","item":"https:\/\/hulyyou.de\/finanzen-boerse.de\/"},{"@type":"ListItem","position":2,"name":"Main Street Capital"}]},{"@type":"WebSite","@id":"https:\/\/hulyyou.de\/finanzen-boerse.de\/#website","url":"https:\/\/hulyyou.de\/finanzen-boerse.de\/","name":"Finanzen B\u00f6rse","description":"Finanzen Wirtschaft","potentialAction":[{"@type":"SearchAction","target":{"@type":"EntryPoint","urlTemplate":"https:\/\/hulyyou.de\/finanzen-boerse.de\/?s={search_term_string}"},"query-input":{"@type":"PropertyValueSpecification","valueRequired":true,"valueName":"search_term_string"}}],"inLanguage":"de"}]}},"_links":{"self":[{"href":"https:\/\/hulyyou.de\/finanzen-boerse.de\/wp-json\/wp\/v2\/pages\/191","targetHints":{"allow":["GET"]}}],"collection":[{"href":"https:\/\/hulyyou.de\/finanzen-boerse.de\/wp-json\/wp\/v2\/pages"}],"about":[{"href":"https:\/\/hulyyou.de\/finanzen-boerse.de\/wp-json\/wp\/v2\/types\/page"}],"author":[{"embeddable":true,"href":"https:\/\/hulyyou.de\/finanzen-boerse.de\/wp-json\/wp\/v2\/users\/1"}],"replies":[{"embeddable":true,"href":"https:\/\/hulyyou.de\/finanzen-boerse.de\/wp-json\/wp\/v2\/comments?post=191"}],"version-history":[{"count":1,"href":"https:\/\/hulyyou.de\/finanzen-boerse.de\/wp-json\/wp\/v2\/pages\/191\/revisions"}],"predecessor-version":[{"id":194,"href":"https:\/\/hulyyou.de\/finanzen-boerse.de\/wp-json\/wp\/v2\/pages\/191\/revisions\/194"}],"wp:attachment":[{"href":"https:\/\/hulyyou.de\/finanzen-boerse.de\/wp-json\/wp\/v2\/media?parent=191"}],"curies":[{"name":"wp","href":"https:\/\/api.w.org\/{rel}","templated":true}]}}